2?
71
Calculate the remainder when 82034232 is divided by 4861.
4857
Calculate the remainder when 20602742 is divided by 20602733.
9
What is the remainder when 13646262 is divided by 94?
0
Calculate the remainder when 638769 is divided by 835.
829
What is the remainder when 485286 is divided by 97040?
86
What is the remainder when 51577 is divided by 17158?
103
What is the remainder when 53811 is divided by 53504?
307
What is the remainder when 1229490 is divided by 1090?
1060
Calculate the remainder when 1627568 is divided by 1233.
8
What is the remainder when 2849721 is divided by 766?
201
Calculate the remainder when 1009157266 is divided by 28.
26
Calculate the remainder when 436926 is divided by 19.
2
What is the remainder when 2356704 is divided by 862?
858
What is the remainder when 89994 is divided by 171?
48
What is the remainder when 1226200 is divided by 3133?
1197
Calculate the remainder when 70240 is divided by 15092.
9872
Calculate the remainder when 1917044 is divided by 283.
2
What is the remainder when 4417841 is divided by 542?
541
What is the remainder when 1402282 is divided by 116855?
22
Calculate the remainder when 460010 is divided by 57500.
10
Calculate the remainder when 23517 is divided by 1902.
693
Calculate the remainder when 10431858 is divided by 5215915.
28
Calculate the remainder when 782380 is divided by 38.
36
Calculate the remainder when 260394 is divided by 1163.
1045
Calculate the remainder when 22280 is divided by 3147.
251
Calculate the remainder when 847098 is divided by 22890.
168
What is the remainder when 666387 is divided by 74009?
306
Calculate the remainder when 34008 is divided by 6673.
643
Calculate the remainder when 262000 is divided by 716.
660
Calculate the remainder when 943360 is divided by 8576.
0
Calculate the remainder when 73068 is divided by 379.
300
Calculate the remainder when 4240340 is divided by 2592.
2420
Calculate the remainder when 52910001 is divided by 14.
11
Calculate the remainder when 1420159 is divided by 265.
24
Calculate the remainder when 159071 is divided by 409.
379
Calculate the remainder when 9421771 is divided by 724751.
8
What is the remainder when 4892481 is divided by 17227?
13
What is the remainder when 32836 is divided by 1070?
736
What is the remainder when 2600 is divided by 60?
20
What is the remainder when 118430 is divided by 58285?
1860
Calculate the remainder when 340267 is divided by 414.
373
What is the remainder when 696188 is divided by 174037?
40
Calculate the remainder when 6013502 is divided by 124.
122
What is the remainder when 49112126 is divided by 5014?
5010
Calculate the remainder when 1180586 is divided by 5342.
4
Calculate the remainder when 973912213 is divided by 671.
670
Calculate the remainder when 10012972 is divided by 41.
34
What is the remainder when 9853497 is divided by 300?
297
What is the remainder when 22333276 is divided by 1556?
8
Calculate the remainder when 29041504 is divided by 4148785.
9
What is the remainder when 2471571305 is divided by 54?
53
What is the remainder when 33879 is divided by 33110?
769
Calculate the remainder when 894 is divided by 440.
14
Calculate the remainder when 2914887 is divided by 1456400.
2087
What is the remainder when 971285 is divided by 13490?
5
What is the remainder when 2092794 is divided by 31234?
116
What is the remainder when 14512605 is divided by 134?
3
Calculate the remainder when 1085565 is divided by 6132.
201
What is the remainder when 2087119 is divided by 10079?
766
What is the remainder when 1199464 is divided by 2725?
464
Calculate the remainder when 58329157 is divided by 9.
4
Calculate the remainder when 8346979 is divided by 473.
421
What is the remainder when 163810 is divided by 1014?
556
What is the remainder when 113049 is divided by 2456?
73
What is the remainder when 1901247 is divided by 380249?
2
Calculate the remainder when 7874305 is divided by 328.
9
Calculate the remainder when 7969433 is divided by 220.
153
Calculate the remainder when 3988211 is divided by 124.
123
What is the remainder when 1553927 is divided by 34?
25
Calculate the remainder when 252186 is divided by 101.
90
What is the remainder when 17016617 is divided by 5672196?
29
Calculate the remainder when 1879821 is divided by 244.
45
Calculate the remainder when 27777 is divided by 22.
13
What is the remainder when 57527969 is divided by 45?
14
Calculate the remainder when 1270035 is divided by 1270002.
33
Calculate the remainder when 548288 is divided by 548144.
144
Calculate the remainder when 320710 is divided by 320636.
74
Calculate the remainder when 2397344 is divided by 14102.
4
What is the remainder when 10737512 is divided by 2213?
36
Calculate the remainder when 17521978 is divided by 873.
868
What is the remainder when 51636409 is divided by 27?
16
What is the remainder when 1216889 is divided by 944?
73
What is the remainder when 898316 is divided by 81665?
1
Calculate the remainder when 679876 is divided by 30900.
76
Calculate the remainder when 46665 is divided by 46643.
22
Calculate the remainder when 2854234 is divided by 34807.
60
Calculate the remainder when 271517 is divided by 17690.
6167
What is the remainder when 4603089 is divided by 460306?
29
Calculate the remainder when 1703054 is divided by 288.
110
What is the remainder when 182597 is divided by 1509?
8
Calculate the remainder when 427951 is divided by 3481.
3269
Calculate the remainder when 12471209 is divided by 111350.
9
What is the remainder when 905075 is divided by 181015?
0
What is the remainder when 1186551 is divided by 593149?
253
What is the remainder when 1045415 is divided by 348464?
23
What is the remainder when 1581454 is divided by 236?
18
Calculate the remainder when 2738447 is divided by 43.
35
What is the remainder when 108148 is divided by 88?
84
What is the remainder when 716510 is divided by 624?
158
Calculate the remainder when 10957120 is divided by 11.
9
What is the remainder when 584478 is divided by 324?
306
Calculate the remainder when 271070 is divided by 142.
134
Calculate the remainder when 6171325 is divided by 881614.
27
What is the remainder when 454486 is divided by 483?
466
Calculate the remainder when 33414770 is divided by 88.
26
What is the remainder when 139381 is divided by 4961?
473
What is the remainder when 4684835 is divided by 585589?
123
What is the remainder when 1099407 is divided by 190?
67
What is the remainder when 3269447 is divided by 1497?
1496
What is the remainder when 46423 is divided by 1256?
1207
What is the remainder when 37366 is divided by 9305?
146
Calculate the remainder when 2429884 is divided by 142931.
57
Calculate the remainder when 2045679 is divided by 110.
9
Calculate the remainder when 13071389 is divided by 30.
29
Calculate the remainder when 36147617 is divided by 466.
463
What is the remainder when 180637 is divided by 59475?
2212
What is the remainder when 45777 is divided by 4165?
4127
Calculate the remainder when 94421945 is divided by 773.
768
Calculate the remainder when 263076 is divided by 221.
86
What is the remainder when 555470 is divided by 138842?
102
What is the remainder when 66061536 is divided by 410320?
16
Calculate the remainder when 94521672 is divided by 565.
562
What is the remainder when 178684 is divided by 521?
502
Calculate the remainder when 36713 is divided by 10516.
5165
What is the remainder when 42511 is divided by 11908?
6787
Calculate the remainder when 123045 is divided by 123037.
8
Calculate the remainder when 41203919 is divided by 147.
113
What is the remainder when 217611 is divided by 1700?
11
What is the remainder when 738643 is divided by 3342?
61
Calculate the remainder when 838903 is divided by 138.
1
Calculate the remainder when 135790 is divided by 6439.
571
Calculate the remainder when 38999403 is divided by 23.
5
What is the remainder when 4167852 is divided by 49617?
24
Calculate the remainder when 104053 is divided by 298.
51
What is the remainder when 12012175 is divided by 381?
7
What is the remainder when 6656546 is divided by 166412?
66
Calculate the remainder when 2432591 is divided by 890.
221
What is the remainder when 47059777 is divided by 984?
961
Calculate the remainder when 4431